ase 2
-10011110101110110
Convert 1c6735 (base 15) to base 11.
869430
Convert -154002 (base 12) to base 8.
-1276002
What is -148701 (base 12) in base 7?
-2642344
1122314301 (base 5) to base 15
353201
What is 20013014 (base 5) in base 2?
100110011001001011
Convert -16cc07 (base 14) to base 7.
-6554610
Convert 10ca4 (base 15) to base 3.
2201100201
What is -4443123431 (base 5) in base 11?
-5552266
760247 (base 9) to base 10
452914
Convert 187275 (base 11) to base 14.
76c68
-202221100 (base 4) to base 16
-22a50
What is 1250024 (base 6) in base 5?
4144304
-259673 (base 12) to base 2
-10010110110101110111
What is 120441032 (base 5) in base 14?
108b61
What is 515134401 (base 6) in base 10?
8923969
What is 2ac6d0 (base 15) in base 4?
13320221211
Convert 331002221 (base 4) to base 12.
100835
What is -21121331 (base 4) in base 3?
-1221211212
What is 35949 (base 13) in base 15?
1e1a0
-7330 (base 11) to base 15
-2d28
130400034 (base 5) to base 2
10011011101001001111
Convert -304d44 (base 14) to base 10.
-1627056
What is 138b294 (base 13) in base 16?
5e828a
110112212 (base 4) to base 13
2bc3a
What is -121033223101 (base 4) in base 8?
-31175321
164818 (base 11) to base 10
255208
What is 16494 (base 15) in base 11?
4a037
What is 372616 (base 16) in base 15?
4b5d3a
12202434 (base 5) to base 10
115994
-5c0ed (base 15) to base 3
-112221002021
What is -244a2 (base 13) in base 12?
-3273a
Convert -a403 (base 15) to base 7.
-203013
Convert -485771 (base 13) to base 4.
-12211113200
Convert a3d64 (base 16) to base 10.
671076
What is 12403114 (base 6) in base 16?
62e36
What is -54398 (base 16) in base 14?
-8da1a
What is 4766500 (base 8) in base 14?
25dcc0
What is -bb4c (base 15) in base 12?
-1ab60
What is -81dc7 (base 15) in base 2?
-1100100011101011111
10135838 (base 9) to base 6
252143525
Convert 15995a (base 16) to base 11.
887551
5a530 (base 12) to base 11
834a1
203133320 (base 4) to base 12
70188
Convert -1111010110110100 (base 2) to base 6.
-1203112
What is 774298 (base 10) in base 13?
211585
What is -110101110100000011 (base 2) in base 10?
-220419
What is 189a25 (base 12) in base 5?
102303431
Convert 1b98131 (base 14) to base 5.
12014013120
Convert -54bb1 (base 12) to base 5.
-12043214
11311331300 (base 4) to base 15
203cc5
What is 1693189 (base 10) in base 2?
110011101011000000101
1101121110122 (base 3) to base 12
2b8498
Convert -451500 (base 8) to base 10.
-152384
2847a79 (base 11) to base 10
4900707
Convert 334d8d (base 16) to base 4.
30310312031
Convert -4298 (base 12) to base 7.
-30221
What is -101012112201121 (base 3) in base 8?
-24540710
What is -639a (base 15) in base 9?
-31811
-47137131 (base 8) to base 7
-153212346
Convert 232225 (base 7) to base 12.
20104
23013114 (base 6) to base 7
5652103
What is 1514623 (base 9) in base 2?
11001100010000111110
What is -602525 (base 8) in base 2?
-110000010101010101
-319a6 (base 15) to base 8
-463367
-422333321 (base 6) to base 3
-111220221101111
Convert 20101020020202 (base 3) to base 10.
3390032
1ec763 (base 15) to base 13
40b585
Convert -3a47058 (base 11) to base 7.
-113304104
Convert 36ad0 (base 15) to base 9.
285416
20003223 (base 7) to base 3
10002201221120
-51d238 (base 15) to base 6
-215225542
Convert 31244324 (base 5) to base 13.
91072
What is 1010000001001100100011 (base 2) in base 8?
12011443
What is -1c38f (base 16) in base 13?
-40803
44141122 (base 5) to base 12
164443
42b541 (base 15) to base 2
1100000111101001100101
-265940 (base 10) to base 14
-6ccba
What is -2000000200001 (base 3) in base 12?
-433461
Convert 923a8 (base 11) to base 8.
407400
-109356 (base 10) to base 16
-1ab2c
What is 1194882 (base 10) in base 2?
100100011101110000010
Convert -112100020002122 (base 3) to base 11.
-4336389
What is 232903 (base 11) in base 10?
369779
-3577371 (base 8) to base 13
-285433
Convert -1544017 (base 9) to base 5.
-204341422
Convert 1101100101100001001111 (base 2) to base 8.
15454117
Convert -21b7c (base 13) to base 5.
-3430111
What is -33676004 (base 9) in base 2?
-111110010111001010110101
What is 10002101220001 (base 3) in base 11?
a2141a
What is -235ac (base 14) in base 15?
-1a816
What is -240404200 (base 5) in base 4?
-10032031300
-110010222221 (base 3) to base 16
-3a606
What is -1388759 (base 11) in base 10?
-2383401
What is 2122200011110 (base 3) in base 13?
3a5171
Convert 2333210013 (base 4) to base 6.
24452343
9c42e4 (base 15) to base 4
130130110213
What is -4221743 (base 8) in base 6?
-40024243
4046212 (base 9) to base 12
88000b
Convert -6a034d (base 16) to base 3.
-111001222101210
What is -192207 (base 10) in base 13?
-69642
Convert -132132034 (base 5) to base 8.
-2414017
What is -13a227 (base 14) in base 10?
-680939
-608487 (base 11) to base 13
-282c2b
Convert -5023657 (base 12) to base 6.
-1253004151
What is -1010101011101010110 (base 2) in base 7?
-2655343
Convert -20212002122 (base 3) to base 12.
-66108
10120010220 (base 3) to base 2
10001000111001001
What is -360522 (base 11) in base 16?
-8b8ec
What is -26031603 (base 7) in base 12?
-95a273
49466a (base 12) to base 11
742a16
What is -277103 (base 11) in base 7?
-3455252
56bc3 (base 13) to base 10
158005
Convert -2707615 (base 10) to base 3.
-12002120011001
12122300233 (base 4) to base 14
31b211
What is -bed922 (base 16) in base 12?
-4232116
Convert -23002312 (base 4) to base 3.
-2022001111
Convert -10001000111001001 (base 2) to base 14.
-1b785
1409a3 (base 12) to base 13
b8875
Convert -139ad9 (base 15) to base 7.
-11011263
Convert -220001110001 (base 3) to base 8.
-1634546
Convert 132649 (base 12) to base 8.
1150031
200e74 (base 16) to base 8
10007164
Convert 663545 (base 8) to base 7.
1616241
Convert -53028 (base 11) to base 4.
-102312230
What is -13310411 (base 5) in base 8?
-407702
Convert -1000010110011010110 (base 2) to base 15.
-56117
30323755 (base 8) to base 15
866456
Convert 210201101121 (base 3) to base 5.
102134410
Convert -12544572 (base 8) to base 11.
-1645833
Convert -642510 (base 7) to base 3.
-12122210100
What is 2332432011 (base 5) in base 8?
24341455
-221120102220 (base 3) to base 4
-1322320203
12078128 (base 9) to base 11
3369051
What is 9146 (base 15) in base 13?
10c5c
-3207726 (base 9) to base 13
-482049
100368 (base 13) to base 7
3106134
1010100010001110111111 (base 2) to base 15
39840d
101102201002110 (base 3) to base 2
10101001001101110001000
-4127180 (base 11) to base 3
-111201011122200
Convert 1490bc0 (base 14) to base 6.
554542032
Convert 17248638 (base 9) to base 2.
100001000000101110110111
363613 (base 8) to base 9
210178
Convert -100001101010000000100111 (base 2) to base 14.
-1259459
Convert -501413 (base 6) to base 3.
-1222211200
-1012034444 (base 5) to base 2
-111111000001001100111
Convert -1103213 (base 7) to base 8.
-410651
-320543 (base 8) to base 15
-219d6
-c2c086 (base 13) to base 16
-4542e8
What is -2550553 (base 8) in base 5?
-140141341
What is 11000000110110101 (base 2) in base 15?
1e3cb
10540362 (base 7) to base 3
1201121101210
What is 2a47a (base 15) in base 2?
100001001101001111
Convert -13046263 (base 8) to base 7.
-33451124
10011100011110110 (base 2) to base 9
131810
Convert -213401 (base 6) to base 13.
-8050
What is 26067445 (base 8) in base 9?
11813078
What is 22476666 (base 9) in base 12?
37a5073
-1042056 (base 9) to base 15
-b0a49
What is -4252270 (base 8) in base 3?
-2010201000200
Convert 5727054 (base 9) to base 14.
5a5942
What is 2643148 (base 9) in base 5?
332230412
33244578 (base 9) to base 5
13104402324
Convert -212244355 (base 6) to base 3.
-21001201211022
What is -1352552 (base 8) in base 7?
-3151422
What is -99a53 (base 14) in base 3?
-200220221022
34365 (base 12) to base 13
25901
Convert -155440243 (base 6) to base 14.
-632679
What is -5040233 (base 6) in base 9?
-403213
Convert -209498 (base 14) to base 8.
-4146716
1197319 (base 12) to base 16
346605
-321850 (base 10) to base 4
-1032210322
11622404 (base 7) to base 15
15a682
What is -1122112111121 (base 3) in base 11?
-549692
Convert 873323 (base 10) to base 11.
547160
What is -10223321232 (base 5) in base 4?
-221003021301
-756000 (base 8) to base 7
-2102254
What is -241435 (base 8) in base 13?
-2b85b
What is -13130301003 (base 4) in base 14?
-38b963
43370 (base 11) to base 12
30559
-80640a (base 14) to base 7
-51501213
Convert -7